ghest common factor of 341649 and 363?
33
Calculate the highest common factor of 235450 and 816.
34
Calculate the greatest common factor of 62894313 and 513.
513
Calculate the highest common divisor of 5082 and 2583318.
6
Calculate the highest common divisor of 96110428 and 2556.
284
What is the highest common divisor of 24772496 and 29?
29
Calculate the highest common divisor of 2670839 and 1986.
331
What is the highest common divisor of 121136268 and 6?
6
Calculate the highest common factor of 1130903796 and 396.
132
What is the greatest common factor of 7059 and 611805883?
2353
Calculate the greatest common factor of 78666762 and 207.
69
What is the greatest common divisor of 64021872 and 132?
12
Calculate the greatest common divisor of 3784613 and 1372.
49
What is the greatest common divisor of 1682427 and 1776?
111
Calculate the greatest common factor of 200 and 386403350.
50
Calculate the greatest common divisor of 29286 and 3138.
6
What is the highest common factor of 4331 and 527026397?
4331
Calculate the highest common divisor of 3240 and 1438440.
120
Calculate the highest common divisor of 405 and 502335.
135
What is the highest common factor of 600 and 99792300?
300
Calculate the highest common divisor of 170 and 579687335.
85
Calculate the greatest common divisor of 106362 and 950.
38
Calculate the greatest common divisor of 36 and 117846234.
18
What is the greatest common divisor of 68 and 1350872?
4
What is the greatest common factor of 46904 and 165517?
451
What is the greatest common factor of 8246 and 142842?
266
What is the highest common factor of 24980552 and 72?
8
Calculate the greatest common divisor of 84 and 284948958.
42
Calculate the highest common factor of 5855 and 194403565.
5855
What is the greatest common factor of 144 and 53979642?
18
Calculate the highest common divisor of 426 and 716090806.
142
What is the highest common factor of 1145 and 5659735?
1145
What is the greatest common divisor of 108397336 and 664?
664
Calculate the highest common factor of 3374 and 7481306.
14
What is the highest common divisor of 440888 and 3668?
28
Calculate the greatest common factor of 42763127 and 11.
11
Calculate the highest common divisor of 11456 and 19690.
358
What is the greatest common factor of 2035264 and 330848?
1568
Calculate the highest common factor of 271091 and 111239.
173
What is the greatest common factor of 492 and 80287758?
246
Calculate the greatest common divisor of 15162424 and 64684.
412
Calculate the highest common divisor of 1989 and 75934053.
1989
Calculate the greatest common factor of 450 and 58650300.
450
What is the highest common factor of 48960 and 1506744?
1224
What is the highest common divisor of 67563310 and 80?
10
Calculate the greatest common factor of 3304248 and 9760.
488
Calculate the highest common factor of 20429721 and 468.
117
What is the highest common divisor of 1538382 and 162381?
339
What is the highest common factor of 490 and 17847235?
35
Calculate the highest common factor of 3008 and 3942824.
8
What is the greatest common factor of 69 and 1056706549?
23
Calculate the greatest common factor of 2438 and 3631617982.
2438
What is the highest common factor of 24740639 and 34672?
2167
What is the highest common factor of 71151 and 911976?
111
Calculate the highest common factor of 8029260 and 243.
27
What is the highest common divisor of 112189 and 164641?
1457
Calculate the greatest common divisor of 29590 and 10836665.
1345
What is the highest common divisor of 572283955 and 2155?
2155
Calculate the highest common divisor of 495 and 5967940.
55
What is the greatest common divisor of 783 and 14652308?
29
Calculate the highest common factor of 1216 and 28922048.
64
What is the highest common divisor of 102963833 and 45592?
5699
What is the highest common factor of 708 and 11100378?
354
Calculate the highest common divisor of 127900 and 64460.
20
Calculate the highest common factor of 236 and 5675446.
118
Calculate the greatest common factor of 2348 and 147844.
4
Calculate the greatest common factor of 4381272 and 17073.
63
What is the greatest common divisor of 161 and 22150303?
7
Calculate the highest common factor of 3540 and 83532.
12
Calculate the greatest common factor of 25262220 and 1860.
60
What is the highest common divisor of 654 and 66651320?
218
Calculate the greatest common factor of 2503942 and 266.
14
What is the highest common factor of 7215 and 62068240?
2405
Calculate the greatest common divisor of 5124 and 108969.
21
What is the highest common divisor of 84240 and 28560?
240
What is the highest common factor of 99 and 17781467?
11
What is the highest common divisor of 6 and 36284949?
3
What is the greatest common divisor of 333373645 and 231?
11
What is the greatest common divisor of 329 and 62471178?
329
Calculate the highest common divisor of 107613924 and 96.
12
What is the highest common divisor of 5880398 and 13057?
1187
Calculate the greatest common divisor of 8344 and 126.
14
Calculate the highest common factor of 1099 and 103119170.
1099
Calculate the greatest common factor of 27859312 and 120328.
1352
What is the highest common divisor of 59516079 and 567?
21
Calculate the highest common factor of 13 and 1136846581.
13
What is the greatest common factor of 997002 and 27?
27
What is the highest common divisor of 184915792 and 80?
16
Calculate the highest common divisor of 7686387 and 6993.
27
What is the highest common factor of 8 and 826057?
1
Calculate the greatest common divisor of 32217 and 849.
3
Calculate the greatest common factor of 162881725 and 25.
25
Calculate the greatest common factor of 1715 and 181055.
245
Calculate the greatest common divisor of 4070 and 631015.
55
What is the greatest common factor of 640221689 and 1405?
281
Calculate the highest common factor of 14 and 69945190.
14
What is the highest common factor of 9883513 and 217?
31
What is the greatest common factor of 21 and 105096103?
7
What is the greatest common divisor of 1057421777 and 1003?
1003
What is the greatest common factor of 530800320 and 960?
960
What is the greatest common factor of 11641 and 3962929?
1663
What is the greatest common factor of 154454 and 17613082?
5326
Calculate the highest common divisor of 199380514 and 138.
46
Calculate the greatest common factor of 1572 and 163308.
12
Calculate the greatest common divisor of 22806 and 69144534.
3258
What is the highest common factor of 10 and 80208100?
10
What is the highest common divisor of 43290 and 200980?
130
Calculate the greatest common factor of 175342365 and 793.
61
Calculate the greatest common factor of 44932707 and 27.
9
What is the greatest common divisor of 31243201 and 3135?
209
Calculate the highest common factor of 161040 and 7684536.
1464
Calculate the greatest common factor of 47929 and 406105.
287
Calculate the greatest common divisor of 49542 and 6946.
46
Calculate the greatest common factor of 52800 and 366872.
88
Calculate the greatest common factor of 2686 and 23744546.
34
Calculate the greatest common divisor of 1897 and 142197223.
1897
Calculate the highest common factor of 471981214 and 3148.
1574
What is the highest common divisor of 1722 and 20030878?
574
What is the highest common divisor of 4993682 and 1896418?
6562
What is the highest common factor of 12241768 and 98?
98
Calculate the highest common factor of 3395205 and 167865.
5415
What is the greatest common divisor of 17903326 and 686?
98
Calculate the highest common factor of 302997447 and 72.
9
Calculate the greatest common divisor of 2955753 and 1449.
207
Calculate the greatest common divisor of 103597 and 9262721.
169
What is the greatest common divisor of 729911 and 222404?
1183
Calculate the highest common divisor of 14501 and 26214.
17
Calculate the greatest common divisor of 16256 and 475392.
128
Calculate the highest common factor of 59452070 and 14671.
863
Calculate the highest common divisor of 89576385 and 45.
15
Calculate the greatest common divisor of 7326 and 1044473.
37
Calculate the highest common divisor of 3111447900 and 3300.
3300
Calculate the greatest common divisor of 1255 and 88285.
5
Calculate the greatest common factor of 285862350 and 750.
150
What is the greatest common factor of 16053412 and